{"id":2009,"date":"2024-08-28T14:49:56","date_gmt":"2024-08-28T12:49:56","guid":{"rendered":"http:\/\/beta2.heat-for-sheet.de\/?page_id=2009"},"modified":"2024-08-28T15:29:50","modified_gmt":"2024-08-28T13:29:50","slug":"impressum","status":"publish","type":"page","link":"https:\/\/beta2.heat-for-sheet.de\/?page_id=2009","title":{"rendered":"Impressum"},"content":{"rendered":"\t\t<div data-elementor-type=\"wp-page\" data-elementor-id=\"2009\" class=\"elementor elementor-2009\">\n\t\t\t\t<div class=\"elementor-element elementor-element-cc8da12 e-flex e-con-boxed e-con e-parent\" data-id=\"cc8da12\" data-element_type=\"container\" data-e-type=\"container\" data-settings=\"{&quot;background_background&quot;:&quot;classic&quot;}\">\n\t\t\t\t\t<div class=\"e-con-inner\">\n\t\t\t\t<div class=\"elementor-element elementor-element-0b01d87 elementor-widget elementor-widget-text-editor\" data-id=\"0b01d87\" data-element_type=\"widget\" data-e-type=\"widget\" data-widget_type=\"text-editor.default\">\n\t\t\t\t<div class=\"elementor-widget-container\">\n\t\t\t\t\t\t\t\t\t<p>Impressum<\/p><p>Angaben gem\u00e4\u00df \u00a7 5 TMG<\/p><p>HEAT FOR SHEET Fahrzeugpflege, Eric Salomo und David Ludewig GbR<br \/>Am Rundling 19<br \/>01796 Pirna<\/p><p>Vertreten durch:<br \/>Eric Salomo und David Ludewig<br \/>Kontakt<\/p><p>Telefon: 03501-440 49 48<br \/>E-Mail: info@heatforsheet.de<br \/>Postadresse<\/p><p>Dresdner Stra\u00dfe 46,<br \/>01796 Pirna<br \/>Umsatzsteuer-ID<\/p><p>Umsatzsteuer-Identifikationsnummer gem\u00e4\u00df \u00a7 27 a Umsatzsteuergesetz:<br \/>DE 342 533 647<br \/>Redaktionell verantwortlich<\/p><p>David Ludewig<br \/>EU-Streitschlichtung<\/p><p>Die Europ\u00e4ische Kommission stellt eine Plattform zur Online-Streitbeilegung (OS) bereit: https:\/\/ec.europa.eu\/consumers\/odr\/.<br \/>Unsere E-Mail-Adresse finden Sie oben im Impressum.<br \/>Verbraucher\u00adstreit\u00adbeilegung\/Universal\u00adschlichtungs\u00adstelle<\/p><p>Wir sind nicht bereit oder verpflichtet, an Streitbeilegungsverfahren vor einer Verbraucherschlichtungsstelle teilzunehmen.<\/p><p>\u00a0<\/p><p>Quelle: e-recht24.de<\/p>\t\t\t\t\t\t\t\t<\/div>\n\t\t\t\t<\/div>\n\t\t\t\t\t<\/div>\n\t\t\t\t<\/div>\n\t\t\t\t<\/div>\n\t\t","protected":false},"excerpt":{"rendered":"<p>Impressum Angaben gem\u00e4\u00df \u00a7 5 TMG HEAT FOR SHEET Fahrzeugpflege, Eric Salomo und David Ludewig GbRAm Rundling 1901796 Pirna Vertreten durch:Eric Salomo und David LudewigKontakt Telefon: 03501-440 49 48E-Mail: info@heatforsheet.dePostadresse Dresdner Stra\u00dfe 46,01796 PirnaUmsatzsteuer-ID Umsatzsteuer-Identifikationsnummer gem\u00e4\u00df \u00a7 27 a Umsatzsteuergesetz:DE 342 533 647Redaktionell verantwortlich David LudewigEU-Streitschlichtung Die Europ\u00e4ische Kommission stellt eine Plattform zur Online-Streitbeilegung (OS) bereit: https:\/\/ec.europa.eu\/consumers\/odr\/.Unsere E-Mail-Adresse finden Sie<\/p>\n","protected":false},"author":1,"featured_media":0,"parent":0,"menu_order":0,"comment_status":"closed","ping_status":"closed","template":"","meta":{"footnotes":""},"class_list":["post-2009","page","type-page","status-publish","hentry"],"_links":{"self":[{"href":"https:\/\/beta2.heat-for-sheet.de\/index.php?rest_route=\/wp\/v2\/pages\/2009","targetHints":{"allow":["GET"]}}],"collection":[{"href":"https:\/\/beta2.heat-for-sheet.de\/index.php?rest_route=\/wp\/v2\/pages"}],"about":[{"href":"https:\/\/beta2.heat-for-sheet.de\/index.php?rest_route=\/wp\/v2\/types\/page"}],"author":[{"embeddable":true,"href":"https:\/\/beta2.heat-for-sheet.de\/index.php?rest_route=\/wp\/v2\/users\/1"}],"replies":[{"embeddable":true,"href":"https:\/\/beta2.heat-for-sheet.de\/index.php?rest_route=%2Fwp%2Fv2%2Fcomments&post=2009"}],"version-history":[{"count":16,"href":"https:\/\/beta2.heat-for-sheet.de\/index.php?rest_route=\/wp\/v2\/pages\/2009\/revisions"}],"predecessor-version":[{"id":2077,"href":"https:\/\/beta2.heat-for-sheet.de\/index.php?rest_route=\/wp\/v2\/pages\/2009\/revisions\/2077"}],"wp:attachment":[{"href":"https:\/\/beta2.heat-for-sheet.de\/index.php?rest_route=%2Fwp%2Fv2%2Fmedia&parent=2009"}],"curies":[{"name":"wp","href":"https:\/\/api.w.org\/{rel}","templated":true}]}}